(13 - (-13 + 19))?
-26
Calculate -14 - ((15 + -12 - -3) + -20).
0
Calculate -5 + 1 + 25 + -90 + 13 + -44.
-100
-7 - (0 - 2) - (305 + -330 + (-19 - 4))
43
Evaluate -30 + 28 + 1 - (-4 - 7) - -1.
11
-3506 + 3490 + -20 + -2 + -1
-39
Evaluate 20 + -13 + (0 - 7) + (-3 - (4 + -7)).
0
What is 1 + 0 + -22 + 9 - (-23 + -3)?
14
-9 + -4 + 2 + -5 + -12 + -11 + -11
-50
What is -6 - (10 + 8 + -36 + (2 - 1))?
11
Calculate (97 - 87) + (-19 - (0 - 10)) - -39.
40
Evaluate (-9 + -1 - (27 + 71)) + -170 + 163.
-115
(33 + -71 - -14) + -10 - 59
-93
What is the value of (1 - 1 - -3) + (71042 - 71106)?
-61
Evaluate (77 - 39 - -16) + -1 + -16.
37
What is 16 - (2 - (32 - 14) - -26) - 105?
-99
Calculate (-2 - (11 - 4) - -15) + 2 - 19.
-11
(54 - 21) + (11 - -37) + -199
-118
Evaluate (1 - -40) + (-149 - -22 - 17).
-103
Evaluate -3 - (-6 + 9) - -46.
40
Calculate (13 + 130 - 194) + 5.
-46
What is -11 - (4 + (-2 - 4) + -44 + (-5 - -3))?
37
What is the value of 7 - (68 + -2 + 11 + (-6 - (11 + -12)))?
-65
What is the value of (1 - 100) + (26 - 28 - 42) + 57?
-86
What is (1 - 28) + (-38 - -47 - (11 + -14 + 8))?
-23
Calculate -5 + 4 + 8 - 19.
-12
Evaluate 39 + -78 + 36 + (4 - (-3 + 5) - 33).
-34
-20 + (47 - 75) + 77
29
Evaluate -8 + 8 - -47 - (13 - (-11 + 18)).
41
Evaluate 5 - (23 + 7 + 21 + 1 + -2 + -10).
-35
-28 + (-1 - -125) + -205
-109
Evaluate -4 + (27 - 2) - (-857 - -862).
16
Evaluate 25 - 1 - ((-1024 - -1018) + (1 - 7)).
36
What is 11 - (-28 + 1 + (225 - 212) + 65)?
-40
What is -132 + 218 + -55 + 2?
33
Evaluate (11 - (23 + (-3 - 19))) + (0 - -22) - 9.
23
27 + (10 - 8) + 8 + 0 + -10
27
What is the value of -8 + -30 + (11 + -2 - (23 + -9))?
-43
Evaluate (6 - ((-8 + 5 - 24) + (8 - 13))) + -6.
32
Calculate (14 - (-49 + 55 + (1 - (-5 - -2)))) + 54.
58
Evaluate -7 + -1 + (-848 - -731).
-125
(-378 - -360) + (-1 - -26) + (-1 - 2) + 89
93
What is (-20 - -7 - -10) + 3 + (-7 - -1)?
-6
(-8 - 3) + 9 + (-6 - (-7 - -56))
-57
Calculate 76 + (11 - 1 - 24) + 4 + -1 - 0.
65
Evaluate (-4 - (2 + -9 + 1 + 7) - 8) + 6.
-7
Evaluate ((4 - 10) + 44 - -3) + -10.
31
What is 23 + -8 - -14 - (-14 - 12) - (1 - -7)?
47
2 - ((-3 - -46) + -39)
-2
Calculate 74 + (50 - 78 - 24).
22
-350 - -331 - (19 + (-6 - -2) + 2)
-36
(18 - 12) + -17 - -68 - (-5 - 7)
69
Evaluate (-5 - 21) + 1 + -21 + 1.
-45
What is the value of (13 - (15 + -13) - 0) + -16?
-5
Calculate 52 - (-17 + 4 + 2 - (-28 - -8 - -21)).
64
34 + 42 + (-47 - 28)
1
What is the value of -18 - (10 + -9 + -23 + -10) - (0 - -1)?
13
What is the value of -4 + 2 - (-9 + (3 - -10 - -37) + -13)?
-30
What is 14 + (15 - 0) + 47 + -16 + -30 + 12?
42
What is 22 + (0 + -13 + 31 - 38)?
2
Calculate -16 - (0 - -4 - 26 - -31).
-25
Evaluate -7 - (-8 + (6 - (35 + -19))).
11
Calculate -8 + (-1 - (-2 - 2)) - (1056 - 1043).
-18
What is (24 - (-64 - -53)) + 31?
66
Evaluate -7 + 10 + (-6 - -17) + -13.
1
What is -38 + (100 - 51) - 101?
-90
Evaluate -392 + 331 - (-13 + -1 + 0).
-47
What is 49 + -31 + (44 - 16) + (2 - 2)?
46
1927 + -1839 + (-56 - -2)
34
(57 - -4) + 37 + -58
40
What is the value of 13 + 7 + -16 + (-3 - -6) + -10 + -100?
-103
Evaluate (-394 + 406 - (21 - 3)) + -13.
-19
Evaluate (-14 - (23 - 44)) + 11 + -58.
-40
What is -100 + (47 - -52) + -3 + (55 - 4)?
47
(-41 + 13 - -6) + -41 - -1
-62
Evaluate -153 + -9 + 153 + 80 + (-3 - -1).
69
Evaluate 1 + 2 + -15 + (-1207 + 1222 - (1 - -11)).
-9
What is the value of 69 - (8 - (12 + (7 - 15) + -5))?
60
What is the value of 32 - (-17 + 5 + (13 + -9 + 4 - 4))?
40
Evaluate -9 + (253 - 254 - (2 - 6)) + -29.
-35
(-4 - (5 - 5)) + 5 + -14 + -17 + 91
61
-61 - ((15 - 35 - -24) + -6)
-59
-4 - ((-1 - (-1 + 0)) + 1 + (-2166 - -2108))
53
10 + (-23 - -1) + -413 + 401
-24
What is the value of 4 - (-21 + -27 + -30 + 53)?
29
15 - (-21 - (-41 - 36))
-41
What is (6 - (-1 - -2)) + 58 + (-174 - -96)?
-15
Calculate 5420 - 5443 - (6 - (0 - -2)).
-27
Calculate 5 + -41 + (11 - -2) + (95 - 112).
-40
Evaluate 1 + -34 - ((-9 + -4 - 9) + 33).
-44
Evaluate -52 - ((-7 - 0) + -43 + 39).
-41
-6 + 4 + -3 + (22 - (6 + -3))
14
Evaluate 4 + 25 + (25 + -91 - 2).
-39
What is (-5 - 52) + (-10 - -49)?
-18
What is 1916 + -1951 - ((-110 - -3) + 1)?
71
Evaluate 13 + (11 - -5) + 22 + (-72 - 11).
-32
Calculate (1 + 3 - (39 + -18)) + 11 + 8 + 0.
2
Calculate 3 + 1 - (6 - (-12 - -1 - (551 - 555))).
-9
What is the value of 0 + (-8 - -38) - (-79 + 73)?
36
Calculate -22 - ((-91 - 5) + 20 - -9).
45
Calculate -91 - ((-15 - -53) + -87).
-42
Evaluate (20 - -25 - 23) + 1 + -78.
-55
Evaluate 66 + -42 - ((-15 - 1 - -14) + 20).
6
Calculate 31 - (10 + -10 + -22 + 58) - (1 - -117).
-123
Calculate 54 + -11 + -50 + (-1 - -32).
24
What is the value of -4 - (0 - 2) - (-24 + -27 - -61)?
-12
What is the value of (-6 - 12) + (-1154 - -1229)?
57
What is the value of 49 + -6 - 4 - 31?
8
Evaluate (-12 - (-7 + 2)) + 11 + -6.
-2
What is the value of 2 - -3 - (1 + 62 - (56 + -35))?
-37
Evaluate (5 - (10 - 4)) + -15 - -5 - -62.
51
-30 + 20 + 15 + -31 - -30
4
Evaluate 1 + 40 - (35 - -9).
-3
What is -43 + 1 - (9 + -366 - -320)?
-5
Calculate 43 + (63 - 94 - -6).
18
Evaluate -40 - (36 - (63 - -6)).
-7
What is the value of -187 + 23 + 50 - -79?
-35
What is -2 - (25 + -18 + -32)?
23
What is the value of (-28 + 15 - (-10 + -4)) + (-35 - -1)?
-33
What is the value of 2 + -1 - (132 + -180 - -15)?
34
What is -84 - (-119 - -31) - 12?
-8
Evaluate 63 - -2 - (2095 - 2037).
7
What is (0 - (-4 + -7 + -4)) + -19 - 4?
-8
What is the value of (20 + -24 - (-15 + -2 - -10)) + (0 - -68)?
71
Evaluate -20 + -79 + 208 + -242.
-133
What is the value of 2 + 6 - 2 - (88 - (47 - -32))?
-3
Evaluate 86 + -8 + -728 + 643.
-7
8 - (-233 + 211 - (-44 - 2))
-16
(-2 + (1 - 2) - -5) + -828 + 829
3
What is the value of 3 - (3 - -9) - ((5 - -17) + 32 + -63)?
0
(113 - (-9 + -12)) + -62
72
Calculate 101 + -112 - (7 + (43 - 11)).
-50
What is (-24 - -30) + 35 + 9 - (0 + 4)?
46
(-17 - -1) + -34 + (26 - 47)
-71
-52 + -5 + 50 - -51
44
Calculate 409 + -404 + (6 - 3) + -10 - -8.
6
What is the value of -47 + -94 - -89 - 26?
-78
Evaluate 126 - 175 - (-3 - 2 - (-38 + 24)).
-58
What is 0 + 23 + -11 + -2 + -3 + -18?
-11
Evaluate (-6 - 67) + (28 - 2) + -233 + 221.
-59
Evaluate -43 - (-41 - (-50 - -28)).
-24
Evaluate 14 - (-10 - (1 + -5 + -8 + -3)).
9
What is 57 - 9 - (7 - (-13 + 5))?
33
What is 106 + -111 + 18 + 1 + -16?
-2
Evaluate 10 + -1 - (-122 - -214 - 81).
-2
Calculate 60 - (5 + -4) - (-4 + (18 - (-13 + 27))).
59
Calculate 71 - 0 - (-7346 + 7376).
41
What is the value of 30 + -34 + 6 - 0?
2
Calculate 62 + 3 + (-20 - (2 + -11) - -5).
59
Evaluate 0 + -124 + (2605 - 2542).
-61
0 + (1 - -2) - ((12 - -56) + -41 - -5)
-29
What is the value of (-2 - 58 - (12 - 37)) + (9 - 2)?
-28
Calculate 75 - ((6 - -8) + -31 - -36).
56
Calculate 1 + 7 + (-10 - ((-11 - -28) + -13)).
-6
What is the value of (69 + -199 + 111 - (-7 + -3)) + (-1 - 20)?
-30
Evaluate 131 + (-153 - 19) - (0 - 93).
52
(-160 - (-60 + -4)) + 29
-67
18 - (-4 - -36) - 12
-26
Evaluate 47 + (-23 - 10) - (41 + 8).
-35
What is -2552 + 2542 - ((-2 - (0 + 0)) + -30)?
22
What is (-47 - -17) + (-287 - -266)?
-51
What is -136 + 33 + (0 - -3 - 1) + (1083 - 1087)?
-105
What is the value of -49 + (70 - (-92 - -47))?
66
What is the value of -89 + 0 + (-2 + (-10 + 1 - 3) - -23)?
-80
Calculate 14 - ((1 + 14 - (6 + -3)) + -59).
61
-125 + 20 - (3 + -4) - (-11 - (-11 + -11))
-115
What is the value of (-18 - -4 - (118 - -17 - -8)) + 3 + 5?
-149
Evaluate 15 - (-7 - (-13 - -9) - -28).
-10
-12 + 9 + 0 + -44 + 41 + -75
-81
What is the value of (12 - (-6 - -6)) + 14 + (4 - 17)?
13
Evaluate -47 + -3 - (2042 + -2078 - (-38 - 1)).
-53
-7 - (16 + -1 - (2068 + -1966))
80
Calculate (-9 - -21 - (12 + -6 + 5)) + -36.
-35
Calculate (31 - -3) + (16 - -1 - 6 - -3).
48
What is 2 + (-8 - (34 - 26))?
-14
Calculate 990 + -968 + 0 + -10 - (-1 - -4 - -3).
6
Evaluate (-2 - 9) + (40 - (-11 + -10 - -8)).
42
What is the value of 0 + -29 - (91 + (123 - 378))?
135
What is the value of 11 - 12 - (0 + 3 + -2 - (60 - 61))?
-3
What is the value of -115 - 2 - ((-30 - -42) + 4 + -28 + 1)?
-106
-60 - (-79 + 17 - -45)
-43
Calculate 39 - 25 - (0 - 27 - 5).
46
Evaluate (-80 - -82) + -2 - (14 - -1).
-15
What is the value of 1 + 29 - (113 - 41)?
-42
Evaluate (123 - 2) + -46 + -74.
1
What is the value of -28 + -3 + (500 - 425)?
44
What is the value of -8 + 1